the thousands digit of 165159156?
9
What is the hundreds digit of 1571715511?
5
What is the ten millions digit of 132856082?
3
What is the millions digit of 27538281?
7
What is the tens digit of 832526844?
4
What is the tens digit of 791306401?
0
What is the millions digit of 563376939?
3
What is the units digit of 1127367160?
0
What is the tens digit of 27089771?
7
What is the units digit of 2028873116?
6
What is the hundreds digit of 2654541236?
2
What is the hundreds digit of 2895618484?
4
What is the ten thousands digit of 33989350?
8
What is the units digit of 54933649?
9
What is the tens digit of 7333111468?
6
What is the ten thousands digit of 70922710?
2
What is the thousands digit of 59027553?
7
What is the units digit of 835025907?
7
What is the millions digit of 456437773?
6
What is the hundred thousands digit of 145539691?
5
What is the hundreds digit of 4391221580?
5
What is the ten millions digit of 466418764?
6
What is the millions digit of 849734747?
9
What is the millions digit of 57437806?
7
What is the millions digit of 70985160?
0
What is the millions digit of 2232715109?
2
What is the thousands digit of 32125644?
5
What is the units digit of 1993387159?
9
What is the tens digit of 125084726?
2
What is the millions digit of 207729885?
7
What is the tens digit of 5443156908?
0
What is the hundred thousands digit of 6514432253?
4
What is the ten thousands digit of 41641332?
4
What is the millions digit of 50733825?
0
What is the thousands digit of 79936414?
6
What is the millions digit of 133210988?
3
What is the millions digit of 254306521?
4
What is the ten thousands digit of 887894807?
9
What is the ten millions digit of 922926194?
2
What is the units digit of 9623595?
5
What is the millions digit of 36003646?
6
What is the ten thousands digit of 87427677?
2
What is the hundreds digit of 355344886?
8
What is the hundred thousands digit of 328828539?
8
What is the hundred thousands digit of 25269558?
2
What is the tens digit of 1149142327?
2
What is the ten millions digit of 166313213?
6
What is the hundred thousands digit of 1864725969?
7
What is the thousands digit of 82792151?
2
What is the billions digit of 1066888738?
1
What is the millions digit of 1059792638?
9
What is the ten millions digit of 510427474?
1
What is the ten millions digit of 39085946?
3
What is the hundred millions digit of 2487011666?
4
What is the units digit of 7399511421?
1
What is the tens digit of 4569917413?
1
What is the ten thousands digit of 13797970?
9
What is the hundred thousands digit of 79126024?
1
What is the hundred thousands digit of 403811855?
8
What is the millions digit of 22741737?
2
What is the tens digit of 210875309?
0
What is the thousands digit of 39361710?
1
What is the units digit of 935515114?
4
What is the thousands digit of 191982343?
2
What is the thousands digit of 871481011?
1
What is the units digit of 51854594?
4
What is the ten thousands digit of 1481093656?
9
What is the ten thousands digit of 442921328?
2
What is the tens digit of 407411454?
5
What is the ten millions digit of 66782560?
6
What is the hundreds digit of 61147758?
7
What is the ten thousands digit of 3252959851?
5
What is the thousands digit of 751372652?
2
What is the thousands digit of 39443834?
3
What is the tens digit of 916677613?
1
What is the tens digit of 1499977778?
7
What is the tens digit of 1249264670?
7
What is the hundreds digit of 589771881?
8
What is the millions digit of 41662534?
1
What is the hundreds digit of 207710455?
4
What is the thousands digit of 4930628?
0
What is the thousands digit of 544730192?
0
What is the hundreds digit of 4297112282?
2
What is the ten thousands digit of 566145081?
4
What is the billions digit of 4190327986?
4
What is the thousands digit of 123829781?
9
What is the millions digit of 495911897?
5
What is the hundred millions digit of 1293216261?
2
What is the hundred thousands digit of 67513149?
5
What is the ten millions digit of 221320150?
2
What is the ten thousands digit of 354300764?
0
What is the units digit of 22885431?
1
What is the ten millions digit of 95124596?
9
What is the thousands digit of 2090408396?
8
What is the millions digit of 667174593?
7
What is the hundreds digit of 2820709364?
3
What is the thousands digit of 409148198?
8
What is the tens digit of 16885026?
2
What is the ten millions digit of 32333713?
3
What is the hundreds digit of 462547349?
3
What is the ten thousands digit of 3592003191?
0
What is the hundred millions digit of 3165114403?
1
What is the millions digit of 571137795?
1
What is the units digit of 2928969339?
9
What is the tens digit of 694738260?
6
What is the units digit of 23590389?
9
What is the millions digit of 1395478457?
5
What is the hundreds digit of 1875037740?
7
What is the thousands digit of 48347058?
7
What is the ten thousands digit of 15968426?
6
What is the hundred thousands digit of 1213946190?
9
What is the billions digit of 3004116767?
3
What is the millions digit of 87069468?
7
What is the tens digit of 2515298893?
9
What is the ten thousands digit of 5057810963?
1
What is the billions digit of 2018131898?
2
What is the thousands digit of 106887244?
7
What is the tens digit of 40496718?
1
What is the ten thousands digit of 654554273?
5
What is the ten millions digit of 251874419?
5
What is the hundreds digit of 47610220?
2
What is the hundred millions digit of 5036934877?
0
What is the ten millions digit of 74029629?
7
What is the millions digit of 583657990?
3
What is the millions digit of 35421053?
5
What is the billions digit of 2763476526?
2
What is the billions digit of 1071641389?
1
What is the thousands digit of 983506566?
6
What is the millions digit of 1465014593?
5
What is the ten thousands digit of 18340224?
4
What is the hundred thousands digit of 51490785?
4
What is the billions digit of 5042235043?
5
What is the tens digit of 289463440?
4
What is the ten thousands digit of 35443256?
4
What is the ten thousands digit of 2966421146?
2
What is the ten thousands digit of 1601289168?
8
What is the ten thousands digit of 7634858863?
5
What is the ten thousands digit of 6171368436?
6
What is the ten thousands digit of 529918544?
1
What is the tens digit of 1701186495?
9
What is the millions digit of 184229424?
4
What is the hundred thousands digit of 17039637?
0
What is the millions digit of 304742100?
4
What is the ten millions digit of 218617181?
1
What is the units digit of 178620995?
5
What is the thousands digit of 143019612?
9
What is the millions digit of 2198735556?
8
What is the millions digit of 590547797?
0
What is the thousands digit of 1600661931?
1
What is the ten thousands digit of 329975978?
7
What is the hundreds digit of 20763461?
4
What is the hundreds digit of 134125951?
9
What is the hundred thousands digit of 62087212?
0
What is the hundreds digit of 443989724?
7
What is the hundred millions digit of 2610242777?
6
What is the hundred thousands digit of 84996908?
9
What is the thousands digit of 167470063?
0
What is the ten millions digit of 790099689?
9
What is the hundreds digit of 64936141?
1
What is the units digit of 30857632?
2
What is the thousands digit of 1305734221?
4
What is the hundred thousands digit of 74478162?
4
What is the ten thousands digit of 5067786947?
8
What is the millions digit of 5551573321?
1
What is the ten millions digit of 348223517?
4
What is the units digit of 235911926?
6
What is the hundred thousands digit of 607707481?
7
What is the ten millions digit of 692053652?
9
What is the ten millions digit of 1243701476?
4
What is the ten thousands digit of 494376007?
7
What is the units digit of 10513908?
8
What is the billions digit of 1784775221?
1
What is the ten thousands digit of 20208842?
0
What is the hundred millions digit of 134431268?
1
What is the hundreds digit of 284961313?
3
What is the hundred millions digit of 4919126264?
9
What is the units digit of 90635938?
8
What is the hundreds digit of 5514007658?
6
What is the millions digit of 1718985467?
8
What is the ten millions digit of 179714438?
7
What is the hundreds digit of 15067409?
4
What is the thousands digit of 563255007?
5
What is the hundred thousands digit of 1590598494?
5
What is the thousands digit of 35